d by 6.
4
Calculate the remainder when 1884 is divided by 62.
24
What is the remainder when 956 is divided by 944?
12
What is the remainder when 341 is divided by 21?
5
What is the remainder when 5052 is divided by 38?
36
Calculate the remainder when 2138 is divided by 20.
18
Calculate the remainder when 1728 is divided by 17.
11
What is the remainder when 2320 is divided by 15?
10
Calculate the remainder when 405 is divided by 25.
5
Calculate the remainder when 92 is divided by 74.
18
What is the remainder when 6079 is divided by 79?
75
What is the remainder when 557 is divided by 2?
1
What is the remainder when 123 is divided by 105?
18
Calculate the remainder when 556 is divided by 63.
52
What is the remainder when 48 is divided by 4?
0
Calculate the remainder when 180 is divided by 14.
12
Calculate the remainder when 1232 is divided by 19.
16
What is the remainder when 164 is divided by 42?
38
What is the remainder when 122 is divided by 67?
55
Calculate the remainder when 626 is divided by 126.
122
What is the remainder when 11066 is divided by 1843?
8
Calculate the remainder when 1983 is divided by 198.
3
Calculate the remainder when 565 is divided by 15.
10
What is the remainder when 557 is divided by 137?
9
Calculate the remainder when 7598 is divided by 14.
10
What is the remainder when 200 is divided by 26?
18
Calculate the remainder when 32 is divided by 24.
8
Calculate the remainder when 431 is divided by 213.
5
Calculate the remainder when 47 is divided by 6.
5
What is the remainder when 5285 is divided by 43?
39
Calculate the remainder when 40 is divided by 11.
7
What is the remainder when 1124 is divided by 24?
20
What is the remainder when 206 is divided by 53?
47
Calculate the remainder when 206 is divided by 13.
11
Calculate the remainder when 10919 is divided by 39.
38
Calculate the remainder when 195 is divided by 65.
0
What is the remainder when 423 is divided by 19?
5
What is the remainder when 1140 is divided by 40?
20
What is the remainder when 218 is divided by 1?
0
Calculate the remainder when 127 is divided by 15.
7
Calculate the remainder when 573 is divided by 40.
13
Calculate the remainder when 27 is divided by 3.
0
What is the remainder when 60 is divided by 19?
3
Calculate the remainder when 90 is divided by 73.
17
Calculate the remainder when 547 is divided by 20.
7
Calculate the remainder when 12 is divided by 7.
5
What is the remainder when 35185 is divided by 146?
145
What is the remainder when 44 is divided by 6?
2
What is the remainder when 1122 is divided by 63?
51
What is the remainder when 2997 is divided by 1494?
9
Calculate the remainder when 7938 is divided by 7929.
9
What is the remainder when 1167 is divided by 45?
42
What is the remainder when 146 is divided by 47?
5
Calculate the remainder when 579 is divided by 551.
28
Calculate the remainder when 1801 is divided by 17.
16
Calculate the remainder when 13194 is divided by 13.
12
Calculate the remainder when 86 is divided by 8.
6
What is the remainder when 315 is divided by 59?
20
What is the remainder when 32 is divided by 11?
10
Calculate the remainder when 15 is divided by 5.
0
Calculate the remainder when 1584 is divided by 367.
116
What is the remainder when 434 is divided by 141?
11
Calculate the remainder when 85 is divided by 43.
42
What is the remainder when 155 is divided by 82?
73
Calculate the remainder when 74 is divided by 26.
22
Calculate the remainder when 183 is divided by 38.
31
Calculate the remainder when 431 is divided by 8.
7
Calculate the remainder when 809 is divided by 54.
53
Calculate the remainder when 2398 is divided by 185.
178
What is the remainder when 1410 is divided by 43?
34
Calculate the remainder when 40144 is divided by 217.
216
What is the remainder when 81 is divided by 14?
11
What is the remainder when 19094 is divided by 124?
122
Calculate the remainder when 586 is divided by 99.
91
What is the remainder when 499 is divided by 108?
67
Calculate the remainder when 525 is divided by 8.
5
Calculate the remainder when 968 is divided by 320.
8
Calculate the remainder when 130 is divided by 122.
8
Calculate the remainder when 216 is divided by 55.
51
What is the remainder when 411 is divided by 406?
5
Calculate the remainder when 1616 is divided by 36.
32
What is the remainder when 487 is divided by 29?
23
What is the remainder when 1230 is divided by 612?
6
Calculate the remainder when 207 is divided by 72.
63
Calculate the remainder when 5658 is divided by 111.
108
Calculate the remainder when 58 is divided by 8.
2
What is the remainder when 12232 is divided by 422?
416
Calculate the remainder when 30 is divided by 17.
13
What is the remainder when 182 is divided by 38?
30
Calculate the remainder when 671 is divided by 46.
27
Calculate the remainder when 1405 is divided by 16.
13
What is the remainder when 126 is divided by 71?
55
What is the remainder when 3987 is divided by 181?
5
What is the remainder when 6322 is divided by 93?
91
Calculate the remainder when 5681 is divided by 196.
193
What is the remainder when 32 is divided by 4?
0
Calculate the remainder when 568 is divided by 64.
56
What is the remainder when 398 is divided by 124?
26
What is the remainder when 2132 is divided by 11?
9
What is the remainder when 2585 is divided by 236?
225
Calculate the remainder when 214 is divided by 12.
10
What is the remainder when 3100 is divided by 122?
50
What is the remainder when 245 is divided by 63?
56
Calculate the remainder when 362 is divided by 41.
34
What is the remainder when 5454 is divided by 107?
104
What is the remainder when 71 is divided by 55?
16
Calculate the remainder when 13 is divided by 1.
0
Calculate the remainder when 10334 is divided by 159.
158
What is the remainder when 147 is divided by 134?
13
What is the remainder when 127 is divided by 44?
39
Calculate the remainder when 1141 is divided by 8.
5
Calculate the remainder when 112 is divided by 17.
10
What is the remainder when 1219 is divided by 33?
31
Calculate the remainder when 1996 is divided by 35.
1
Calculate the remainder when 5055 is divided by 3.
0
What is the remainder when 83 is divided by 27?
2
Calculate the remainder when 490 is divided by 19.
15
What is the remainder when 462 is divided by 225?
12
What is the remainder when 194 is divided by 38?
4
What is the remainder when 694 is divided by 20?
14
Calculate the remainder when 634 is divided by 59.
44
Calculate the remainder when 168 is divided by 62.
44
What is the remainder when 9 is divided by 2?
1
What is the remainder when 300 is divided by 28?
20
What is the remainder when 137 is divided by 23?
22
What is the remainder when 92 is divided by 11?
4
What is the remainder when 577 is divided by 168?
73
What is the remainder when 64 is divided by 50?
14
Calculate the remainder when 399 is divided by 67.
64
What is the remainder when 896 is divided by 29?
26
Calculate the remainder when 128 is divided by 68.
60
Calculate the remainder when 504 is divided by 270.
234
Calculate the remainder when 248 is divided by 54.
32
Calculate the remainder when 1151 is divided by 48.
47
Calculate the remainder when 1962 is divided by 391.
7
Calculate the remainder when 576 is divided by 260.
56
What is the remainder when 613 is divided by 199?
16
Calculate the remainder when 86 is divided by 38.
10
Calculate the remainder when 115 is divided by 58.
57
What is the remainder when 36 is divided by 18?
0
What is the remainder when 278 is divided by 14?
12
What is the remainder when 211 is divided by 71?
69
Calculate the remainder when 717 is divided by 120.
117
Calculate the remainder when 1708 is divided by 435.
403
Calculate the remainder when 724 is divided by 33.
31
What is the remainder when 443 is divided by 45?
38
What is the remainder when 133 is divided by 9?
7
What is the remainder when 248 is divided by 119?
10
Calculate the remainder when 299 is divided by 20.
19
Calculate the remainder when 204 is divided by 125.
79
Calculate the remainder when 132 is divided by 27.
24
Calculate the remainder when 329 is divided by 114.
101
What is the remainder when 1894 is divided by 472?
6
What is the remainder when 614 is divided by 14?
12
Calculate the remainder when 101 is divided 